ine q(1).
-12
Let i(s) = -s**3 - 4*s**2 + 15*s + 9. Determine i(-7).
51
Let g(y) = -18*y**3 + 100*y**2 + 7*y + 9. Give g(6).
-237
Let n(j) = -5*j**2 + 36*j + 9. Give n(8).
-23
Let t(a) = 3954*a + 51430. Determine t(-13).
28
Let c(j) = -j**3 + 53*j**2 - 235*j - 240. Determine c(48).
0
Let p(h) = -h**2 + 27*h - 156. Give p(24).
-84
Let t(r) = 2*r**3 - 53*r**2 - 14*r + 12. Determine t(27).
363
Let q(w) = w**2 - 29*w - 411. Calculate q(-8).
-115
Let h(c) = 6*c + 55. What is h(-11)?
-11
Let v(w) = 287*w + 168. Calculate v(-1).
-119
Let l(f) = 22*f**2 - 196*f - 9. Give l(9).
9
Let p(y) = y**3 + 13*y**2 - 11*y + 5. Give p(-14).
-37
Let l(b) = 355*b**2 + 5325*b + 10. Determine l(-15).
10
Let k(p) = -p**2 - 4164*p - 24945. Give k(-6).
3
Let p(f) = -f**3 + 13*f**2 - 45*f + 43. What is p(8)?
3
Let l(u) = 6813*u + 13632. What is l(-2)?
6
Let a(k) = -44*k + 670. Give a(16).
-34
Let c(g) = -819*g + 48327. Give c(59).
6
Let g(x) = 57*x**2 - 501*x - 65. Give g(9).
43
Let w(y) = 162*y - 1115. Give w(7).
19
Let a(o) = -o**2 + 247*o + 1522. Determine a(-6).
4
Let o(t) = 13*t**2 - 548*t + 35. Give o(42).
-49
Let s(w) = 2*w**3 - 85*w**2 - 34*w - 397. Determine s(43).
-10
Let b(z) = 218*z. Calculate b(0).
0
Let h(q) = -4*q**2 + 8*q + 20. What is h(-6)?
-172
Let w(n) = -n + 55. What is w(54)?
1
Let b(j) = -33*j**3 + 8*j**2 + 18*j + 9. Calculate b(-1).
32
Let b(p) = p**2 + 34*p - 422. Calculate b(10).
18
Let f(j) = 4*j - 130. Determine f(57).
98
Let b(l) = -429*l - 7736. Calculate b(-18).
-14
Let k(c) = -64*c - 130. Give k(-2).
-2
Let j(b) = -5*b**3 - 69*b**2 + 7*b + 42. What is j(-14)?
140
Let k(w) = -w**3 + 21*w**2 - 10*w - 224. Determine k(20).
-24
Let l(d) = -120*d - 29879. Calculate l(-249).
1
Let v(g) = -g**3 - 15*g**2 + 23*g + 18. Determine v(-13).
-619
Let j(l) = -l**2 + 300*l - 1186. Determine j(4).
-2
Let u(v) = -87*v - 30011. Calculate u(-345).
4
Let r(z) = 27*z + 210. What is r(9)?
453
Let a(d) = -107*d**2 + 4*d + 5. Give a(-1).
-106
Let v(i) = 2*i**3 + 14*i**2 + 21*i + 47. Determine v(-2).
45
Let n(q) = -2*q**2 - 41*q + 566. What is n(9)?
35
Let a(p) = 6*p**2 + 35*p - 34. Calculate a(1).
7
Let i(w) = -1074*w + 13770. Calculate i(13).
-192
Let i(r) = 2*r**3 + 34*r**2 - 17*r - 271. Give i(-17).
18
Let v(y) = 3*y**2 - 54*y - 56. Give v(-1).
1
Let g(o) = o**3 + 94*o**2 + 838*o - 191. What is g(-84)?
-23
Let h(q) = 55*q**2 + 989*q - 20. What is h(-18)?
-2
Let a(s) = -s**2 - 67*s - 116. Determine a(-49).
766
Let h(c) = -c**2 + 56*c - 502. Give h(31).
273
Let w(i) = i**2 - 24*i + 172. Determine w(10).
32
Let i(y) = y**3 + 23*y**2 - 114*y - 97. Determine i(-27).
65
Let o(a) = 3*a**2 + 303*a + 260. What is o(-100)?
-40
Let s(f) = f**3 + 2*f**2 - 42*f - 22. Give s(6).
14
Let y(x) = x**2 + 38*x + 434. Give y(-21).
77
Let j(m) = -m**2 + 2293*m + 11480. Determine j(-5).
-10
Let q(k) = 27*k**3 - 2*k**2 - k + 2. Calculate q(-1).
-26
Let b(g) = -11650*g - 58260. Calculate b(-5).
-10
Let w(d) = -d**3 - 59*d**2 - 6*d - 362. Calculate w(-59).
-8
Let m(t) = -2*t**3 + 6*t**2 + 28*t - 42. Give m(5).
-2
Let b(m) = -42*m + 165. What is b(24)?
-843
Let r(g) = -4*g**2 - 78*g - 201. What is r(-3)?
-3
Let a(p) = 164*p - 30. What is a(-1)?
-194
Let k(b) = b**3 + 2*b**2 - 39*b - 172. Determine k(-7).
-144
Let q(p) = 3*p**2 + 506*p - 3015. Give q(6).
129
Let x(l) = l**2 + 37*l - 241. Calculate x(-34).
-343
Let m(y) = 63*y - 2078. Calculate m(33).
1
Let g(p) = -p**3 + 9*p**2 + 8*p - 10. What is g(2)?
34
Let d(j) = -2*j**3 + 54*j**2 - 69*j + 127. What is d(26)?
-315
Let t(s) = s**3 + 6*s**2 - 22*s - 7. Calculate t(3).
8
Let j(u) = -u**2 + 22*u - 72. Give j(17).
13
Let n(q) = q**3 - 41*q**2 - 45*q + 98. Determine n(42).
-28
Let q(s) = -13*s**2 + 18*s + 44. Determine q(-3).
-127
Let a(k) = k**3 + 32*k**2 - 144*k. Give a(-36).
0
Let x(b) = b**3 - 15*b**2 + 25*b - 12. What is x(12)?
-144
Let m(j) = -972*j - 3918. Give m(-4).
-30
Let g(z) = -2*z**2 - 134*z + 289. Calculate g(-69).
13
Let m(k) = -2*k**2 - 406*k + 2515. Give m(-209).
7
Let s(c) = -8*c + 346. What is s(59)?
-126
Let v(p) = 5*p**2 + 13*p - 6. Give v(-2).
-12
Let v(k) = -269*k + 7720. Calculate v(29).
-81
Let s(y) = 9*y**2 - 76*y - 20. Calculate s(-2).
168
Let o(q) = -2*q**2 + 393*q - 4505. Calculate o(12).
-77
Let u(c) = 4*c**3 - 2*c**2 + 5274*c + 5275. What is u(-1)?
-5
Let a(g) = g**3 + 17*g**2 - 33*g - 6. Give a(-19).
-101
Let d(b) = 11506*b - 57517. Give d(5).
13
Let c(p) = 2*p**3 + 5*p**2 - 13*p - 97. Give c(-4).
-93
Let j(n) = -n**2 - 21*n - 37. Give j(0).
-37
Let j(c) = 212*c + 3332. Determine j(-16).
-60
Let m(b) = -24*b**2 - 333*b - 12. Calculate m(-14).
-54
Let p(q) = -q**3 + 3*q**2 + 11*q + 41. Calculate p(6).
-1
Let y(l) = -l**3 + 31*l**2 + 361*l + 39. Give y(40).
79
Let a(j) = -2*j**2 + 11*j - 26. What is a(4)?
-14
Let v(c) = 20*c + 975. Give v(-49).
-5
Let b(u) = -7*u**2 - 161*u - 7. Determine b(-24).
-175
Let w(m) = -m**2 + 19*m + 317. Give w(31).
-55
Let j(k) = -k**3 + 5*k**2 - 12*k - 21. Give j(-3).
87
Let j(a) = 631*a + 24. Calculate j(0).
24
Let r(i) = i**3 - 27*i**2 - 34*i + 211. Determine r(28).
43
Let o(b) = 14*b - 154. Give o(9).
-28
Let x(l) = -1079*l + 8630. Calculate x(8).
-2
Let r(d) = -d**3 - 5*d**2 - 25*d - 115. What is r(-6)?
71
Let z(q) = -2*q**3 + 29*q**2 + 1317*q - 18634. Calculate z(14).
0
Let f(w) = w + 207. Determine f(-14).
193
Let w(o) = -381*o + 6833. Give w(18).
-25
Let a(j) = -35*j**3 + 71*j**2 + 4*j - 4. Calculate a(2).
8
Let s(t) = t**2 + 69*t + 387. Calculate s(-63).
9
Let l(c) = -c**2 + 68*c - 1101. What is l(41)?
6
Let t(m) = -m**2 - 11*m + 337. What is t(12)?
61
Let z(x) = -1757*x - 24588. What is z(-14)?
10
Let y(c) = c**2 - 11*c - 148. Determine y(24).
164
Let v(y) = 15*y + 183. Give v(-37).
-372
Let k(p) = p**2 + 11*p - 5. Determine k(-6).
-35
Let b(k) = -k**2 + 160*k - 1548. What is b(10)?
-48
Let b(x) = -124*x + 1622. Calculate b(12).
134
Let h(f) = -2*f**2 - 26*f + 70. What is h(6)?
-158
Let a(i) = i**3 - 181*i**2 - 189*i + 1304. What is a(182)?
30
Let i(h) = -h**2 - 506*h + 1521. Give i(3).
-6
Let x(m) = 3540*m - 7064. What is x(2)?
16
Let z(k) = 43*k**2 - 3*k - 9. What is z(3)?
369
Let o(x) = 31*x + 3204. Give o(-104).
-20
Let h(f) = f**2 - 19*f + 23. Determine h(14).
-47
Let j(p) = -219*p - 4804. Give j(-22).
14
Let p(f) = 20*f + 1911. Give p(-100).
-89
Let q(p) = 154*p**3 + 2*p**2 - 6*p + 3. Calculate q(1).
153
Let j(b) = b**3 + 39*b**2 - 81*b + 74. Calculate j(-41).
33
Let k(p) = 88*p + 1845. What is k(-21)?
-3
Let d(m) = 193*m - 2123. Determine d(11).
0
Let r(q) = -q**3 + 35*q**2 + 77*q - 102. Give r(37).
9
Let a(o) = 24374*o. Give a(0).
0
Let c(w) = 37*w - 190. Give c(5).
-5
Let y(l) = -l**2 - 9*l - 135. Determine y(0).
-135
Let g(z) = 9*z**3 + 14*z**2 - 42*z - 31. Give g(3).
212
Let o(b) = -5*b**2 - 433*b - 4789. Determine o(-13).
-5
Let k(m) = -26*m + 187. Determine k(5).
57
Let i(m) = 353*m + 1744. Determine i(-5).
-21
Let t(d) = -d**2 - 5596*d - 27953. Determine t(-5).
2
Let a(v) = v**3 - 7*v**2 - 20*v + 16. Calculate a(10).
116
Let u(m) = -45*m + 3493. Give u(77).
28
Let a(i) = -2*i**3 + 9*i**2 - 16*i + 25. Give a(3).
4
Let b(l) = -112*l - 767. What is b(-10)?
353
Let c(d) = 3*d**2 - 60*d - 111. Determine c(22).
21
Let r(s) = -30*s**2 + 35*s - 33. What is r(1)?
-28
Let p(f) = -3*f**2 + 3*f + 117. Determine p(-6).
-9
Let a(d) = 10*d + 122. Calculate a(-12).
2
Let x(i) = -6*i**2 - 325*i - 61. Calculate x(-54).
-7
Let x(f) = 19*f**2 + 42*f - 3. Calculate x(-2).
-11
Let q(i) = -i**3 - 28*i**2 - 227*i - 22. Determine q(-13).
394
Let h(a) = -37*a - 49. What is h(-5)?
136
Let m(r) = -3*r**2 + 188*r + 23184. Determine m(-62).
-4
Let k(a) = -a**2 - 25*a + 152. Calculate k(-15).
302
Let b(w) = 2*w**2 + 182*w + 235. What is b(-90)?
55
Let c(b) = -2*b**2 - 112*b + 124. Give c(-56).
124
Let l(h) = -5777*h + 17340. What is l(3)?
9
Let i(d) = d**2 + 301*d + 10815. Determine i(-42).
-63
Let z(d) = 6*d - 33. Give z(16).
63
Let b(a) = a**3 - 76*a**2 + 298*a - 527. Give b(72).
193
Let q(n) = 4*n**2 + 12*n - 63. Calculate q(-7).
49
Let f(w) = -106*w + 13. Determine f(2).
-199
Let w(l) = -33*l - 699. What is w(-19)?
-72
Let p(v) = -9*v**3 - 5*v**2 - 2. What is p(-2)?
50
Let y(n) = n**3 + 26*n**2 + 11. What is y(-26)?
11
Let j(i) = -i**2 + 62*i + 1518. Determine j(81).
-21
Let q(n)